uppose -529*i + 14310 = -514*i. Calculate the greatest common divisor of 18 and i.
18
Let v be (6*1/2 + -3)/(-1). Suppose v = 3*x + 14 + 10. Let i be x*115/(-30) - (-4)/(-6). What is the greatest common divisor of 15 and i?
15
Let h(c) = -2*c**3 - 5*c**2 + 5*c + 4. Let r be h(-4). Let s = 12605 + -12381. Calculate the greatest common divisor of r and s.
32
Let l = 8837 + -8579. Calculate the highest common factor of l and 366.
6
Let c = -3193 + 3583. Calculate the highest common factor of 24 and c.
6
Let g(o) = 21*o + 22. Let q be g(20). Suppose 78*s - 676 = 52*s. What is the greatest common factor of s and q?
26
Let r be ((-7656)/(-231) + -32)/(-1*(-2)/854). What is the highest common factor of r and 610?
122
Let w(h) = 20*h + 660. Let r be w(-29). Let j(d) = 3*d + 1. Let y be j(3). What is the greatest common factor of y and r?
10
Let o = 2 + -5. Let b be 4 - (-2)/3*o. Let g = -23706 + 23710. What is the highest common divisor of g and b?
2
Let y = 2196 + -2194. What is the greatest common factor of 83 and y?
1
Let c be 3/2 + 1353/82. What is the greatest common divisor of c and 13302?
18
Let n be 0 - (-2 + -15) - 18/2. Calculate the greatest common divisor of n and 8512.
8
Suppose -258*q = -5*p - 255*q + 43236, -3*p = 5*q - 25962. What is the greatest common factor of 837 and p?
279
Let x be (872/12 - -3) + (-4)/(-12). Suppose 5*f = f + x. Let z = -278 - -430. Calculate the highest common divisor of z and f.
19
Suppose -q + 4 = 255*c - 253*c, 3*c + 9 = 0. Suppose y - 20 = -y. Let x be y/((-2)/(-10)*1). Calculate the highest common divisor of x and q.
10
Let q(j) = j**2 + 4*j. Let n be q(20). Let d = n - 325. Calculate the greatest common factor of 31 and d.
31
Suppose 2*t - 59 = -45. Let l(c) = c**2 - 4*c + 7. Let n be l(t). Suppose 4*k = 3*i + 48, -5*k + 2*i + 9 = -51. Calculate the highest common divisor of n and k.
4
Let m be 7/(147/(-14)) + (-70)/3. Let d be m/(-10) + (-28)/70. Suppose 4*h - 50 = -0*o - 3*o, d*h - 34 = -2*o. What is the highest common factor of o and 90?
18
Suppose -3*z + 418 - 70 = 3*n, 4*z + 5*n - 459 = 0. What is the highest common divisor of z and 2563?
11
Let t = -2056 + 2124. Calculate the highest common divisor of t and 918.
34
Suppose -417 = -3*n + 99. Suppose 5*f + n = 182. Calculate the greatest common factor of 34 and f.
2
Suppose 0 = 3*t + 3*v + 195, -8 = -0*v + 4*v. Let m be 780/14 + (-18)/t. Suppose 0 = -24*k + 17*k + m. Calculate the highest common divisor of k and 12.
4
Let z(h) = 8*h + 6556. Let g be z(-26). What is the greatest common divisor of g and 84?
12
Suppose 10*x + q = 11*x - 6, 2*x - 33 = -5*q. Calculate the greatest common factor of x and 69.
3
Suppose 5*p = -5*i + 1600, 2*i - 4*p - 610 = -0*i. Let j = -15949 - -16075. Calculate the greatest common factor of i and j.
63
Suppose -3*x - 7*x = 20. Let j be 8/x - ((-464)/8 - 8). Calculate the greatest common factor of 62 and j.
62
Suppose 3*s + 4*p - 20 - 11 = 0, -5*s - p = -29. Let f = 216652 - 216651. Calculate the highest common factor of f and s.
1
Let g = 145 + 422. Calculate the highest common factor of g and 729.
81
Let k be (-2)/14 - (69700/(-70))/5. Suppose -5*r + 773 = -2*f, 2*f + 507 - k = 2*r. Calculate the greatest common divisor of r and 5.
5
Let h be 248/20 - ((-4)/5)/(-2). Suppose 400 = -h*j + 3328. Let m be j - 20/25*5. Calculate the highest common divisor of m and 48.
48
Let g = -264 - -428. Suppose -5*u + 234 = r, 4*u = 103*r - 98*r + g. Calculate the highest common divisor of u and 4.
2
Let n(v) = -v + 267. Let t be n(-17). Let u = t + -240. Let h = 21 - 10. Calculate the highest common divisor of h and u.
11
Suppose -92 = -2*j + 2*c + 228, 0 = -2*j - 2*c + 300. Let x = 7 + 90. Suppose -3*q = -x + 4. What is the highest common divisor of q and j?
31
Suppose -2*q + 5*q - 123 = 0. Let y = -39 + q. Suppose 4*h = -y*s + 374, 0*s + 3*s - 15 = 0. What is the highest common factor of h and 7?
7
Let d(g) = -13*g + 2*g + 4*g**2 + 18 - 4 + 11. Let c be d(3). What is the greatest common divisor of c and 35?
7
Suppose 2*d + 420 = 9*d. Suppose -146 = -2*b - 26. Calculate the highest common factor of b and d.
60
Suppose 5*f = 10 - 25, 39 = l + 5*f. What is the greatest common divisor of l and 42?
6
Let h = -7104 + 7184. Calculate the highest common divisor of h and 176.
16
Suppose 55 = 5*o + 6*o. Suppose o*h - 5*a + 12 = -3, -a = 2*h - 9. What is the highest common divisor of h and 6?
2
Let h(o) = 324*o**2 + 1441*o - 3. Let n be h(-8). What is the greatest common divisor of 526 and n?
263
Let f be (126/(-98))/(4/(-280)*2). Calculate the greatest common divisor of f and 225.
45
Let s be -1 - (1 + 0) - -6. Let x be 41/s - (-4 + 17/4). Let c = 52 + -32. What is the highest common divisor of c and x?
10
Suppose 3*i + 81 = 5*n, 2*i + 74 - 60 = 0. Let u be (-1 - -2) + (60 - 1). Calculate the highest common factor of u and n.
12
Suppose 0 = -3*i + 4*a + 443, -9 - 740 = -5*i + 4*a. Suppose -5*f - 120 + 213 = -3*m, -2*f + m = -37. What is the highest common factor of i and f?
9
Let c be (33 - 18)/((-3)/(-16)). Let l(h) = -h**3 + 14*h**2 - 14*h + 8. Let i be l(12). Calculate the greatest common divisor of i and c.
16
Let l = -742 + 786. Let p be -77*(-2 + 2 - 8/2). Calculate the highest common factor of l and p.
44
Let w = -799 - -2290. Calculate the greatest common factor of 21 and w.
21
Let a = -738 + 794. Let b(j) be the third derivative of 2*j**5/15 - j**4/24 - j**3/6 - 5*j**2. Let w be b(-1). Calculate the greatest common factor of w and a.
8
Let f(r) be the third derivative of -r**5/60 - 17*r**4/12 - 17*r**3 + 2*r**2 - 12*r. Let y be f(-30). What is the greatest common factor of 225 and y?
9
Let g(f) = -f**3 - 29*f**2 - 53*f + 33. Let o be g(-27). Let j be (380/65 - o)*-13. Calculate the highest common divisor of 3 and j.
1
Let p(l) = 4*l**2 - 574*l + 2784. Let g be p(5). Calculate the highest common divisor of g and 23366.
14
Let t be ((-81)/12)/((-441)/588). Calculate the greatest common divisor of t and 39.
3
Suppose 2*n - 150 - 74 = 0. Let o(g) = 7*g**2 - 2*g + 4. Let t(j) = -j - 7. Let s be t(-9). Let f be o(s). What is the greatest common factor of f and n?
28
Let z be (((-945)/(-6))/3)/(120/288). Calculate the greatest common divisor of z and 5814.
18
Let a(k) = -10*k**2 + k. Let p be a(3). Let l = 90 + p. Suppose -l*n + 220 = -305. What is the greatest common divisor of n and 70?
35
Let k(b) = 15*b**3 - 4*b**2 - 2*b - 2. Let o be k(5). Let y = -15259 - -15300. Calculate the greatest common divisor of y and o.
41
Suppose -7 + 3 = 2*k. Let b be 44/20 + k + (-84)/(-5). What is the greatest common factor of b and 34?
17
Let t = -813 - -1021. What is the greatest common factor of 2672 and t?
16
Suppose 173 = 5*z - 2*q + 153, 2*q = 2*z - 2. What is the highest common factor of 618 and z?
6
Let g = 32649 + -20373. Calculate the highest common divisor of 297 and g.
99
Let s = -5979 + 6161. What is the greatest common divisor of 6734 and s?
182
Let o = -5918 + 6184. Calculate the highest common divisor of 665 and o.
133
Let h = -108 + 128. Suppose -5*r - 36*b + 374 = -37*b, 5*b = -h. Calculate the greatest common divisor of r and 592.
74
Let b = -826 - -1233. Suppose -4*t + 12 = 9535*g - 9539*g, 3*t - 49 = -2*g. Calculate the highest common divisor of b and t.
11
Suppose 114095 = 401*h - 264449. Calculate the highest common factor of h and 512.
16
Let x = -110 + 122. Let w(h) = -h**2 - 13*h + 5. Let d be w(-11). Let s = 57 - d. Calculate the highest common divisor of s and x.
6
Let x be ((-416)/72)/26 + (-2158)/9. Let s = x - -270. What is the highest common factor of 66 and s?
6
Suppose -23 = -2*h - 5*n, 286*h - 4*n = 288*h - 20. What is the greatest common factor of 2104 and h?
4
Let a(u) = 5*u**2 - 2*u - 13. Let j be a(4). Let r = -51 + j. Suppose -c = -r*c + 35. Calculate the greatest common divisor of c and 45.
5
Let n be ((-184)/24 + 7)/(73074/14616 - 5). Calculate the greatest common divisor of 126 and n.
14
Suppose -28 = 7*m - 21*m. Suppose -m*t = 68 - 52. Let h be (t/(-5))/((-6)/(-210)). Calculate the greatest common divisor of h and 392.
56
Suppose 10*s + 38 = 78. Suppose -3*n = -3*o - n + 1843, -s*n + 4 = 0. What is the highest common factor of 15 and o?
15
Let p(o) = 4*o**2 - 222*o - 3218. Let a be p(-12). Let w = 4 + 2. Suppose